14
What is the remainder when 1144798 is divided by 507?
499
What is the remainder when 43966210 is divided by 161?
8
Calculate the remainder when 3310161 is divided by 57.
0
What is the remainder when 51960 is divided by 2509?
1780
What is the remainder when 136750 is divided by 13049?
6260
Calculate the remainder when 795181 is divided by 265000.
181
What is the remainder when 7918687 is divided by 1461?
67
Calculate the remainder when 22148 is divided by 1036.
392
What is the remainder when 75649497 is divided by 727399?
1
Calculate the remainder when 18726808 is divided by 3121123.
70
Calculate the remainder when 235360 is divided by 47.
31
What is the remainder when 3176753 is divided by 690?
683
What is the remainder when 4644893 is divided by 3255?
8
Calculate the remainder when 25357758 is divided by 727.
725
What is the remainder when 87407 is divided by 38?
7
What is the remainder when 1437115 is divided by 11496?
115
What is the remainder when 571562 is divided by 190355?
497
What is the remainder when 50523775 is divided by 23?
20
Calculate the remainder when 1216803 is divided by 107.
106
Calculate the remainder when 15269252 is divided by 1174557.
11
Calculate the remainder when 89146068 is divided by 27438.
6
Calculate the remainder when 2980514 is divided by 212.
6
Calculate the remainder when 584131 is divided by 1713.
1711
What is the remainder when 2942977 is divided by 30?
7
Calculate the remainder when 2551666 is divided by 373.
346
Calculate the remainder when 1105516 is divided by 822.
748
Calculate the remainder when 450618 is divided by 45061.
8
Calculate the remainder when 6820182 is divided by 1833.
1422
Calculate the remainder when 5351141 is divided by 974.
959
What is the remainder when 534693 is divided by 1671?
1644
What is the remainder when 283807 is divided by 16692?
43
Calculate the remainder when 140374 is divided by 773.
461
Calculate the remainder when 17450 is divided by 208.
186
Calculate the remainder when 1005131 is divided by 1381.
1144
What is the remainder when 417683 is divided by 1657?
119
Calculate the remainder when 5469679 is divided by 86.
79
What is the remainder when 362092 is divided by 1264?
588
Calculate the remainder when 88923 is divided by 9869.
102
What is the remainder when 36810793 is divided by 694543?
14
What is the remainder when 6637144 is divided by 15?
4
Calculate the remainder when 349086 is divided by 926.
910
What is the remainder when 431854 is divided by 33025?
2529
What is the remainder when 3977964 is divided by 1325987?
3
Calculate the remainder when 1897376 is divided by 4143.
4025
What is the remainder when 269954 is divided by 22396?
1202
Calculate the remainder when 1149128 is divided by 1398.
1370
What is the remainder when 19050211 is divided by 55218?
1
What is the remainder when 1617723 is divided by 8?
3
What is the remainder when 20443425 is divided by 121?
112
What is the remainder when 806498 is divided by 29869?
35
What is the remainder when 17010083 is divided by 619?
582
Calculate the remainder when 5237746 is divided by 15225.
346
What is the remainder when 77761 is divided by 25223?
2092
What is the remainder when 1267427 is divided by 33?
29
What is the remainder when 324241 is divided by 453?
346
What is the remainder when 131432044 is divided by 53?
47
Calculate the remainder when 248920 is divided by 2731.
399
What is the remainder when 1452726 is divided by 484233?
27
What is the remainder when 944885 is divided by 1002?
1001
Calculate the remainder when 57794849 is divided by 1674.
1673
What is the remainder when 16556536 is divided by 52?
48
Calculate the remainder when 10450132 is divided by 3483356.
64
What is the remainder when 25119 is divided by 21146?
3973
What is the remainder when 23926476 is divided by 159?
156
Calculate the remainder when 1232395279 is divided by 9.
7
Calculate the remainder when 45847 is divided by 15168.
343
Calculate the remainder when 2744162 is divided by 1372071.
20
Calculate the remainder when 9154 is divided by 672.
418
Calculate the remainder when 637475 is divided by 4245.
725
Calculate the remainder when 139601 is divided by 3871.
245
Calculate the remainder when 66087 is divided by 124.
119
What is the remainder when 810176 is divided by 21?
17
What is the remainder when 899528 is divided by 72?
32
Calculate the remainder when 904255 is divided by 2477.
150
Calculate the remainder when 574516 is divided by 5471.
61
Calculate the remainder when 1607910 is divided by 1328.
1030
What is the remainder when 707982 is divided by 22838?
4
Calculate the remainder when 81818 is divided by 903.
548
What is the remainder when 37626526 is divided by 1801?
34
Calculate the remainder when 81300 is divided by 994.
786
Calculate the remainder when 14232081 is divided by 7116034.
13
What is the remainder when 400251 is divided by 852?
663
What is the remainder when 65988106 is divided by 16497021?
22
Calculate the remainder when 110106 is divided by 6476.
14
What is the remainder when 1055317 is divided by 147?
4
Calculate the remainder when 1234802 is divided by 10290.
2
What is the remainder when 2184075592 is divided by 499?
496
What is the remainder when 1376530 is divided by 474?
34
What is the remainder when 1502309 is divided by 88295?
1294
What is the remainder when 7962526 is divided by 1633?
18
Calculate the remainder when 1920554 is divided by 455.
454
Calculate the remainder when 5244232 is divided by 93647.
0
Calculate the remainder when 128405336 is divided by 32101334.
0
Calculate the remainder when 6563801 is divided by 504904.
49
What is the remainder when 118959673 is divided by 17?
14
Calculate the remainder when 1482054 is divided by 29.
9
Calculate the remainder when 41790480 is divided by 13930143.
51
What is the remainder when 86571 is divided by 2134?
1211
Calculate the remainder when 249233121 is divided by 26.
7
What is the remainder when 145460190 is divided by 29092035?
15
Calculate the remainder when 4070692 is divided by 169612.
4
What is the remainder when 1443093 is divided by 3214?
7
What is the remainder when 18796150 is divided by 9398069?
12
What is the remainder when 11194978 is divided by 29306?
86
Calculate the remainder when 162475 is divided by 154536.
7939
Calculate the remainder when 2720440 is divided by 425.
15
What is the remainder when 2936678 is divided by 2899?
2890
What is the remainder when 342146 is divided by 104?
90
What is the remainder when 3895243 is divided by 28?
23
What is the remainder when 35411546 is divided by 11803844?
14
Calculate the remainder when 95453 is divided by 3959.
437
Calculate the remainder when 1034061 is divided by 222.
207
What is the remainder when 178568 is divided by 7055?
2193
What is the remainder when 213507 is divided by 7329?
966
Calculate the remainder when 988114 is divided by 2932.
30
What is the remainder when 168572 is divided by 916?
28
What is the remainder when 3453237 is divided by 717?
165
Calculate the remainder when 40525 is divided by 1741.
482
Calculate the remainder when 365336 is divided by 90.
26
What is the remainder when 7122522 is divided by 20887?
55
Calculate the remainder when 79247 is divided by 3276.
623
Calculate the remainder when 226615 is divided by 45316.
35
What is the remainder when 6073050 is divided by 14?
4
Calculate the remainder when 6087865 is divided by 9019.
40
What is the remainder when 35712 is divided by 1675?
537
What is the remainder when 57092 is divided by 341?
145
Calculate the remainder when 16403 is divided by 2246.
681
What is the remainder when 139143732 is divided by 123?
105
Calculate the remainder when 82684814 is divided by 84.
2
What is the remainder when 166161 is divided by 395?
261
Calculate the remainder when 541513 is divided by 247.
89
What is the remainder when 134150413 is divided by 1005?
1003
Calculate the remainder when 927871 is divided by 927869.
2
What is the remainder when 3511691 is divided by 33?
29
What is the remainder when 2564065 is divided by 15538?
295
What is the remainder when 2134352 is divided by 2133739?
613
Calculate the remainder when 726587 is divided by 145253.
322
Calculate the remainder when 329370 is divided by 20551.
554
What is the remain